{"id":52,"date":"2014-10-20T22:33:06","date_gmt":"2014-10-20T20:33:06","guid":{"rendered":"http:\/\/localhost\/wordpress\/?page_id=52"},"modified":"2025-12-23T07:12:30","modified_gmt":"2025-12-23T06:12:30","slug":"hermannwasser","status":"publish","type":"page","link":"https:\/\/neuhomeasv.asv-steyr.at\/?page_id=52","title":{"rendered":"Hermannwasser"},"content":{"rendered":"<div style=\"hyphens: auto; width: 11.50cm; height: 37.0cm;\">\n<p><span class=\"itemHead\">Hermannswasser<\/span><\/p>\n<table style=\"width: 130%;\" border=\"1\" cellpadding=\"6\">\n<tbody>\n<tr>\n<td style=\"width: 25%;\" bgcolor=\"#d8dee9\" width=\"20%\">Hinweis<\/td>\n<td><a href=\"https:\/\/neuhomeasv.asv-steyr.at\/?p=6571\" target=\"_blank\" rel=\"noopener noreferrer\">Neue Lizenzbestimmungen<\/a><\/td>\n<\/tr>\n<tr>\n<td style=\"width: 20%;\" bgcolor=\"#d8dee9\" width=\"20%\">Fangzeit<\/td>\n<td>ganzj\u00e4hrig<br \/>\nSonderbestimmung: NUR F\u00dcR VOLLMITGLIEDER: von 01. Juni bis 15. Februar ist das Huchenfischen erlaubt.<\/td>\n<\/tr>\n<tr>\n<td bgcolor=\"#d8dee9\">Obergrenze<\/td>\n<td>Untergrenze V\u00f6senhuberwasser <code style=\"font-size: 10.0px; color: blue;\">mit Fischereigrenztafel gekennzeichnet<\/code><\/td>\n<\/tr>\n<tr>\n<td bgcolor=\"#d8dee9\">Untergrenze<\/td>\n<td>Obergrenze Harthallerwasser <code style=\"font-size: 10.0px; color: blue;\">mit Fischereigrenztafel gekennzeichnet<\/code><\/td>\n<\/tr>\n<tr>\n<td bgcolor=\"#d8dee9\">Angelger\u00e4t<\/td>\n<td>2 Angelruten mit je 1 Angelhaken oder<br \/>\nEINE Angelrute mit ZWEI Angelhaken<br \/>\nSpinnfischen mit Drilling ist erlaubt.<\/td>\n<\/tr>\n<tr>\n<td bgcolor=\"#d8dee9\">Erlaubt<\/td>\n<td>\u00a0<img loading=\"lazy\" decoding=\"async\" class=\"alignnone size-full wp-image-3800\" src=\"http:\/\/neuhomeasv.asv-steyr.at\/wp-content\/uploads\/ASVspinBild-1.jpg\" alt=\"\" width=\"50\" height=\"110\" \/><img loading=\"lazy\" decoding=\"async\" class=\"alignnone size-full wp-image-3794\" src=\"http:\/\/neuhomeasv.asv-steyr.at\/wp-content\/uploads\/ASVgrundBild.jpg\" alt=\"\" width=\"50\" height=\"110\" \/><img loading=\"lazy\" decoding=\"async\" class=\"alignnone size-full wp-image-3793\" src=\"http:\/\/neuhomeasv.asv-steyr.at\/wp-content\/uploads\/ASVfliegeBild.jpg\" alt=\"\" width=\"50\" height=\"110\" \/><img loading=\"lazy\" decoding=\"async\" class=\"alignnone size-full wp-image-3799\" src=\"http:\/\/neuhomeasv.asv-steyr.at\/wp-content\/uploads\/ASVposeBild.jpg\" alt=\"\" width=\"50\" height=\"108\" \/><img loading=\"lazy\" decoding=\"async\" class=\"alignnone size-full wp-image-3798\" src=\"http:\/\/neuhomeasv.asv-steyr.at\/wp-content\/uploads\/ASVnachfischenBild.jpg\" alt=\"\" width=\"50\" height=\"104\" \/><img loading=\"lazy\" decoding=\"async\" class=\"alignnone size-full wp-image-3795\" src=\"http:\/\/neuhomeasv.asv-steyr.at\/wp-content\/uploads\/ASVh\u00f6lzlBild.jpg\" alt=\"\" width=\"50\" height=\"106\" \/><img loading=\"lazy\" decoding=\"async\" class=\"alignnone size-full wp-image-3792\" src=\"http:\/\/neuhomeasv.asv-steyr.at\/wp-content\/uploads\/ASVanf\u00fctternBild.jpg\" alt=\"\" width=\"50\" height=\"106\" \/><img loading=\"lazy\" decoding=\"async\" class=\"alignnone size-full wp-image-3801\" src=\"http:\/\/neuhomeasv.asv-steyr.at\/wp-content\/uploads\/ASVspiraleBild.jpg\" alt=\"\" width=\"50\" height=\"105\" \/><img loading=\"lazy\" decoding=\"async\" class=\"alignnone wp-image-3796 size-full\" src=\"http:\/\/neuhomeasv.asv-steyr.at\/wp-content\/uploads\/ASVhuchenASVmitgliederBild.jpg\" alt=\"\" width=\"120\" height=\"127\" \/><\/td>\n<\/tr>\n<tr>\n<td bgcolor=\"#d8dee9\">Verboten<\/td>\n<td>keine Verbote<\/td>\n<\/tr>\n<tr>\n<td bgcolor=\"#d8dee9\">befischbar mit<\/td>\n<td>Jahreslizenz f\u00fcr ASV-Mitglieder, kleine Lizenz, Kombilizenz<\/td>\n<\/tr>\n<tr>\n<td colspan=\"2\">L\u00e4nge ca. 400m; mit Fischgrenztafeln gekennzeichnet<img decoding=\"async\" src=\" http:\/\/neuhomeasv.asv-steyr.at\/wp-content\/uploads\/Hermannwasser_2_300dpi.jpg\" alt=\"\" width=\"500px\" \/>Datenquelle: Alle Details zu dieser Karte finden Sie auf <a href=\"http:\/\/basemap.at\/\">basemap.at<\/a><\/td>\n<\/tr>\n<\/tbody>\n<\/table>\n<\/div>\n","protected":false},"excerpt":{"rendered":"<p>Hermannswasser Hinweis Neue Lizenzbestimmungen Fangzeit ganzj\u00e4hrig Sonderbestimmung: NUR F\u00dcR VOLLMITGLIEDER: von 01. Juni bis 15. Februar ist das Huchenfischen erlaubt. Obergrenze Untergrenze V\u00f6senhuberwasser mit Fischereigrenztafel gekennzeichnet Untergrenze Obergrenze Harthallerwasser mit &hellip; <a href=\"https:\/\/neuhomeasv.asv-steyr.at\/?page_id=52\" class=\"more-link\"><span class=\"screen-reader-text\">Hermannwasser<\/span> weiterlesen <span class=\"meta-nav\">&rarr;<\/span><\/a><\/p>\n","protected":false},"author":1,"featured_media":0,"parent":39,"menu_order":0,"comment_status":"closed","ping_status":"closed","template":"","meta":{"footnotes":""},"class_list":["post-52","page","type-page","status-publish","hentry"],"_links":{"self":[{"href":"https:\/\/neuhomeasv.asv-steyr.at\/index.php?rest_route=\/wp\/v2\/pages\/52","targetHints":{"allow":["GET"]}}],"collection":[{"href":"https:\/\/neuhomeasv.asv-steyr.at\/index.php?rest_route=\/wp\/v2\/pages"}],"about":[{"href":"https:\/\/neuhomeasv.asv-steyr.at\/index.php?rest_route=\/wp\/v2\/types\/page"}],"author":[{"embeddable":true,"href":"https:\/\/neuhomeasv.asv-steyr.at\/index.php?rest_route=\/wp\/v2\/users\/1"}],"replies":[{"embeddable":true,"href":"https:\/\/neuhomeasv.asv-steyr.at\/index.php?rest_route=%2Fwp%2Fv2%2Fcomments&post=52"}],"version-history":[{"count":24,"href":"https:\/\/neuhomeasv.asv-steyr.at\/index.php?rest_route=\/wp\/v2\/pages\/52\/revisions"}],"predecessor-version":[{"id":6575,"href":"https:\/\/neuhomeasv.asv-steyr.at\/index.php?rest_route=\/wp\/v2\/pages\/52\/revisions\/6575"}],"up":[{"embeddable":true,"href":"https:\/\/neuhomeasv.asv-steyr.at\/index.php?rest_route=\/wp\/v2\/pages\/39"}],"wp:attachment":[{"href":"https:\/\/neuhomeasv.asv-steyr.at\/index.php?rest_route=%2Fwp%2Fv2%2Fmedia&parent=52"}],"curies":[{"name":"wp","href":"https:\/\/api.w.org\/{rel}","templated":true}]}}