{"id":322,"date":"2014-11-27T21:47:07","date_gmt":"2014-11-27T19:47:07","guid":{"rendered":"http:\/\/neuhomeasv.asv-steyr.at\/?page_id=322"},"modified":"2026-02-24T12:00:54","modified_gmt":"2026-02-24T11:00:54","slug":"atesta","status":"publish","type":"page","link":"https:\/\/neuhomeasv.asv-steyr.at\/?page_id=322","title":{"rendered":"IMPRESSUM"},"content":{"rendered":"<p><b>VEREINSANSCHRIFT<\/b><img loading=\"lazy\" decoding=\"async\" class=\"alignright\" src=\"http:\/\/neuhomeasv.asv-steyr.at\/wp-content\/uploads\/2014\/11\/FischerhausASVlogo-150x150.jpg\" alt=\"ASV-LOGO\" width=\"145\" height=\"145\" \/><br \/>\nASV- Steyr 1923<br \/>\nKarl-Punzer-Stra\u00dfe 60b<br \/>\n4400 Steyr<br \/>\nTel.: +43650\/4144035 oder +4367681035845<br \/>\nE-Mail: <a href=\"mailto:office@asv-steyr.at\">B\u00fcro Angelsportverein<\/a><\/p>\n<p><b>ALLGEMEINE DATEN<\/b><br \/>\nZust\u00e4ndigkeit: BUNDESPOLIZEIDIREKTION STEYR, Vereins- und Versammlungsreferat<br \/>\nZVR-Zahl: 642137490<\/p>\n<p><b>DER VORSTAND <\/b><span style=\"font-size: 10px;\">(aktualisiert: 2026)<\/span><br \/>\nObmann: Thomas Kaliba<br \/>\nObmann-Stv.: Gerhard Wolkenstein<br \/>\nSchriftf\u00fchrer: Bernd Hutflesz<br \/>\nSchriftf\u00fchrer-Stv.:\u00a0 Rebecca Baldauf<br \/>\nKassier: Gerald Sch\u00f6lmbauer<br \/>\nKassier-Stv.: Michael Steiner<\/p>\n<p>Beirat: Gregor Plank<br \/>\nKontrollchef: Karl Fachberger<br \/>\nWasserwart: Gerhard Wolkenstein<br \/>\nWasserwart-Stv: Michael Steiner<\/p>\n<p><strong>DIE RECHNUNGSPR\u00dcFER <\/strong><span style=\"font-size: 10px;\">\u00a0(aktualisiert: 2026)<\/span><strong><br \/>\n<\/strong>Alexander Schrammel<br \/>\nGerhard Wasinger<\/p>\n<p><a href=\"http:\/\/neuhomeasv.asv-steyr.at\/?page_id=3981\">Datenschutzverordnung ab 25.05.2018<\/a><\/p>\n<p><b>Dokumente zum Download<\/b><br \/>\n<a href=\"http:\/\/neuhomeasv.asv-steyr.at\/?page_id=1007\" target=\"_blank\" rel=\"noopener noreferrer\">Zu den Download-Dokumenten<\/a><\/p>\n<p><b>VERWENDUNG VON COOKIES<\/b><br \/>\nWir verwenden auf unserer Web-Site Cookies, um personalisierte Dienste und Informationen anbieten zu k\u00f6nnen. Sie haben dadurch die M\u00f6glichkeit, dauerhafte Voreinstellungen f\u00fcr Ihren Account vorzunehmen &#8211; z.B. die Anzahl von Artikeln auf der Homepage, die Darstellung von Kommentaren, das Erscheinungsbild der gesamten Web-Site und vieles mehr. Diese Informationen werden in einem Cookie auf Ihrem Computer gespeichert. Wenn Sie Cookies prinzipiell nicht akzeptieren, k\u00f6nnen Sie unsere Seiten trotzdem besuchen. Sie m\u00fcssen sich aber jedesmal neu anmelden, um Ihre pers\u00f6nlichen Voreinstellungen nutzen zu k\u00f6nnen.<\/p>\n<p><b>RECHTLICHER HINWEIS \/ NUTZUNGSBEDINGUNGEN VON <a href=\"http:\/\/neuhomeasv.asv-steyr.at\" target=\"_blank\" rel=\"noopener noreferrer\">www.asv-steyr.at<\/a><\/b><br \/>\nEine Vervielf\u00e4ltigung, der auf diesen Seiten angebotenen Dateien und Texte, auf ein jegliches Medium bedarf der direkten oder konkludenten Genehmigung durch die Autoren. Die Darstellung einer Seite aus diesem Dienst in dem Frame einer fremden Seite oder das Darstellen von Inhalten dieses Dienstes als eigene Information ist grunds\u00e4tzlich untersagt. F\u00fcr Artikel innerhalb dieses Dienstes ist der jeweilige Autor verantwortlich. Diese Artikel stellen die Meinung dieses Autors dar und spiegeln nicht grunds\u00e4tzlich die Meinung des Seitenbetreibers dar. Bei einer Verletzung von fremden Urheberrecht oder sonstiger Rechte durch den Seitenbetreiber oder eines Autors, ist auf die Verletzung per eMail hinzuweisen. Bei Bestehen einer Verletzung wird diese umgehend beseitigt.<\/p>\n<p><a href=\"http:\/\/www.neuhomeasv.asv-steyr.at\/\" target=\"_blank\" rel=\"noopener noreferrer\">www.asv-steyr.at<\/a> \u00fcbernimmt keinerlei Haftung f\u00fcr Sch\u00e4den, die durch das System (die Internetseite) oder die angeboten Dateien entstehen. Alle Dateien sind auf Viren gepr\u00fcft. Der Benutzer wird hiermit darauf hingewiesen, selber die Dateien auf Viren u.\u00e4. zu pr\u00fcfen. Eine Garantie f\u00fcr die Sicherheit der Dateien kann nicht gegeben werden, da diese Dateien meist nicht aus unserer Produktion stammen. Auch kann keine Garantie \u00fcbernommen werden f\u00fcr die Erreichbarkeit unseres Services und von Dateien. Es wird jedoch eine h\u00f6chstm\u00f6gliche Erreichbarkeit angestrebt. Diese kann technisch jedoch nicht immer realisiert werden. Das Herunterladen, die Installation und die Verwendung der Programme die unter <a href=\"http:\/\/www.neuhomeasv.asv-steyr.at\/\" target=\"_blank\" rel=\"noopener noreferrer\">www.asv-steyr.at<\/a> aufgef\u00fchrt werden, erfolgt auf eigene Gefahr! Der Betreiber \u00fcbernimmt keine Gew\u00e4hrleistung oder Haftung f\u00fcr etwaige Sch\u00e4den, Folgesch\u00e4den oder Ausf\u00e4lle, die entstehen k\u00f6nnen.<\/p>\n<p>Dieser Service wird jedem Benutzer er\u00f6ffnet der sich an die folgenden Bedingungen h\u00e4lt und diese akzeptiert. <a href=\"http:\/\/neuhomeasv.asv-steyr.at\" target=\"_blank\" rel=\"noopener noreferrer\">www.asv-steyr.at<\/a> ist umsonst f\u00fcr alle frei erreichbaren Bereiche. Keine Kosten entstehen, ohne, dass der Benutzer ausdr\u00fccklich darauf hingewiesen wird. Alle Informationen, Firmenzeichen, Texte, Programme, Grafiken und Bilder unterliegen dem Urheberrecht. Alle benutzten Warenzeichen und Firmenbezeichnungen unterliegen dem Copyright der jeweiligen Firmen.<\/p>\n<p>Erkl\u00e4rung: Bei unseren externen Links handelt es sich um eine subjektive Auswahl von Verweisen auf andere Internetseiten. F\u00fcr den Inhalt dieser Seiten sind die jeweiligen Betreiber \/ Verfasser selbst verantwortlich und haftbar. Von etwaigen illegalen, pers\u00f6nlichkeitsverletzenden, moralisch oder ethisch anst\u00f6ssigen Inhalten distanzieren wir uns in aller Deutlichkeit. Bitte Informieren Sie uns, wenn wir auf ein solches Angebot linken sollten. <a href=\"http:\/\/neuhomeasv.asv-steyr.at\" target=\"_blank\" rel=\"noopener noreferrer\">www.asv-steyr.at<\/a> ist als Inhaltsanbieter f\u00fcr die eigenen Inhalte, die er zur Nutzung bereith\u00e4lt, nach den allgemeinen Gesetzen verantwortlich. Von diesen eigenen Inhalten sind Querverweise (Links) auf die von anderen Anbietern bereitgehaltenen Inhalte zu unterscheiden. F\u00fcr diese fremden Inhalte ist <a href=\"http:\/\/neuhomeasv.asv-steyr.at\" target=\"_blank\" rel=\"noopener noreferrer\">www.asv-steyr.at<\/a> nur dann verantwortlich, wenn von ihnen (d.h. auch von einem rechtswidrigen bzw. strafbaren Inhalt) positive Kenntnis vorliegt und es technisch m\u00f6glich und zumutbar ist, deren Nutzung zu verhindern.<\/p>\n<p>Bei Links handelt es sich allerdings stets um lebende (dynamische) Verweisungen. <a href=\"http:\/\/neuhomeasv.asv-steyr.at\" target=\"_blank\" rel=\"noopener noreferrer\">www.asv-steyr.at<\/a> hat bei der erstmaligen Verkn\u00fcpfung zwar den fremden Inhalt daraufhin \u00fcberpr\u00fcft, ob durch ihn eine m\u00f6gliche zivilrechtliche oder strafrechtliche Verantwortlichkeit ausgel\u00f6st wird. Der Inhaltsanbieter ist aber nach dem TDG nicht dazu verpflichtet, die Inhalte, auf die er in seinem Angebot verweist, st\u00e4ndig auf Ver\u00e4nderungen zu \u00fcberpr\u00fcfen, die eine Verantwortlichkeit neu begr\u00fcnden k\u00f6nnten. Erst wenn er feststellt oder von anderen darauf hingewiesen wird, dass ein konkretes Angebot, zu dem er einen Link bereitgestellt hat, eine zivil- oder strafrechtliche Verantwortlichkeit ausl\u00f6st, wird er den Verweis auf dieses Angebot aufheben, soweit ihm dies technisch m\u00f6glich und zumutbar ist. Die technische M\u00f6glichkeit und Zumutbarkeit wird nicht dadurch beeinflusst, dass auch nach Unterbindung des Zugriffs von <a href=\"http:\/\/neuhomeasv.asv-steyr.at\" target=\"_blank\" rel=\"noopener noreferrer\">www.asv-steyr.at<\/a> von anderen Servern aus auf das rechtswidrige oder strafbare Angebot zugegriffen werden kann. Salvatorische Klausel: Sollte aus irgendwelchen Gr\u00fcnden eine der vorstehenden Bedingungen ung\u00fcltig sein, so wird die Wirksamkeit der anderen Bestimmungen davon nicht ber\u00fchrt.<\/p>\n<p>Design und Programmierung:<br \/>\nHarald Minderock<br \/>\nE-Mail: <a href=\"mailto:web_asv-steyr@asv-steyr.at\">WEB_ASV-Steyr<\/a><\/p>\n","protected":false},"excerpt":{"rendered":"<p>VEREINSANSCHRIFT ASV- Steyr 1923 Karl-Punzer-Stra\u00dfe 60b 4400 Steyr Tel.: +43650\/4144035 oder +4367681035845 E-Mail: B\u00fcro Angelsportverein ALLGEMEINE DATEN Zust\u00e4ndigkeit: BUNDESPOLIZEIDIREKTION STEYR, Vereins- und Versammlungsreferat ZVR-Zahl: 642137490 DER VORSTAND (aktualisiert: 2026) Obmann: &hellip; <a href=\"https:\/\/neuhomeasv.asv-steyr.at\/?page_id=322\" class=\"more-link\"><span class=\"screen-reader-text\">IMPRESSUM<\/span> weiterlesen <span class=\"meta-nav\">&rarr;<\/span><\/a><\/p>\n","protected":false},"author":1,"featured_media":0,"parent":0,"menu_order":0,"comment_status":"closed","ping_status":"closed","template":"","meta":{"footnotes":""},"class_list":["post-322","page","type-page","status-publish","hentry"],"_links":{"self":[{"href":"https:\/\/neuhomeasv.asv-steyr.at\/index.php?rest_route=\/wp\/v2\/pages\/322","targetHints":{"allow":["GET"]}}],"collection":[{"href":"https:\/\/neuhomeasv.asv-steyr.at\/index.php?rest_route=\/wp\/v2\/pages"}],"about":[{"href":"https:\/\/neuhomeasv.asv-steyr.at\/index.php?rest_route=\/wp\/v2\/types\/page"}],"author":[{"embeddable":true,"href":"https:\/\/neuhomeasv.asv-steyr.at\/index.php?rest_route=\/wp\/v2\/users\/1"}],"replies":[{"embeddable":true,"href":"https:\/\/neuhomeasv.asv-steyr.at\/index.php?rest_route=%2Fwp%2Fv2%2Fcomments&post=322"}],"version-history":[{"count":29,"href":"https:\/\/neuhomeasv.asv-steyr.at\/index.php?rest_route=\/wp\/v2\/pages\/322\/revisions"}],"predecessor-version":[{"id":6632,"href":"https:\/\/neuhomeasv.asv-steyr.at\/index.php?rest_route=\/wp\/v2\/pages\/322\/revisions\/6632"}],"wp:attachment":[{"href":"https:\/\/neuhomeasv.asv-steyr.at\/index.php?rest_route=%2Fwp%2Fv2%2Fmedia&parent=322"}],"curies":[{"name":"wp","href":"https:\/\/api.w.org\/{rel}","templated":true}]}}