{"id":4002,"date":"2018-05-21T10:33:28","date_gmt":"2018-05-21T08:33:28","guid":{"rendered":"http:\/\/neuhomeasv.asv-steyr.at\/wp-content\/uploads\/ASV-\u00c4sche-53cm-Fr\u00f6hlich-20180514_110622A.jpg"},"modified":"2018-05-21T10:41:03","modified_gmt":"2018-05-21T08:41:03","slug":"asv-aesche-53cm-froehlich-20180514_110622a","status":"inherit","type":"attachment","link":"https:\/\/neuhomeasv.asv-steyr.at\/?attachment_id=4002","title":{"rendered":"ASV \u00c4sche 53cm Fr\u00f6hlich 20180514_110622A"},"author":1,"featured_media":0,"comment_status":"closed","ping_status":"closed","template":"","meta":[],"categories":[1,18,62],"class_list":["post-4002","attachment","type-attachment","status-inherit","hentry","category-allgemein","category-fische-highlights","category-fische2018"],"description":{"rendered":"<p class=\"attachment\"><a href='https:\/\/neuhomeasv.asv-steyr.at\/wp-content\/uploads\/ASV-\u00c4sche-53cm-Fr\u00f6hlich-20180514_110622A.jpg'><img loading=\"lazy\" decoding=\"async\" width=\"235\" height=\"300\" src=\"https:\/\/neuhomeasv.asv-steyr.at\/wp-content\/uploads\/ASV-\u00c4sche-53cm-Fr\u00f6hlich-20180514_110622A-235x300.jpg\" class=\"attachment-medium size-medium\" alt=\"\" srcset=\"https:\/\/neuhomeasv.asv-steyr.at\/wp-content\/uploads\/ASV-\u00c4sche-53cm-Fr\u00f6hlich-20180514_110622A-235x300.jpg 235w, https:\/\/neuhomeasv.asv-steyr.at\/wp-content\/uploads\/ASV-\u00c4sche-53cm-Fr\u00f6hlich-20180514_110622A.jpg 618w\" sizes=\"auto, (max-width: 235px) 100vw, 235px\" \/><\/a><\/p>\n"},"caption":{"rendered":"<p>\u00c4sche 53 cm, 1,2 kg Innere Enns 14.05.2018<br \/>\nFr\u00f6hlich Bert<\/p>\n"},"alt_text":"","media_type":"image","mime_type":"image\/jpeg","media_details":{"width":618,"height":788,"file":"ASV-\u00c4sche-53cm-Fr\u00f6hlich-20180514_110622A.jpg","sizes":{"thumbnail":{"file":"ASV-\u00c4sche-53cm-Fr\u00f6hlich-20180514_110622A-150x150.jpg","width":150,"height":150,"mime_type":"image\/jpeg","source_url":"https:\/\/neuhomeasv.asv-steyr.at\/wp-content\/uploads\/ASV-\u00c4sche-53cm-Fr\u00f6hlich-20180514_110622A-150x150.jpg"},"medium":{"file":"ASV-\u00c4sche-53cm-Fr\u00f6hlich-20180514_110622A-235x300.jpg","width":235,"height":300,"mime_type":"image\/jpeg","source_url":"https:\/\/neuhomeasv.asv-steyr.at\/wp-content\/uploads\/ASV-\u00c4sche-53cm-Fr\u00f6hlich-20180514_110622A-235x300.jpg"},"post-thumbnail":{"file":"ASV-\u00c4sche-53cm-Fr\u00f6hlich-20180514_110622A-618x372.jpg","width":618,"height":372,"mime_type":"image\/jpeg","source_url":"https:\/\/neuhomeasv.asv-steyr.at\/wp-content\/uploads\/ASV-\u00c4sche-53cm-Fr\u00f6hlich-20180514_110622A-618x372.jpg"},"twentyfourteen-full-width":{"file":"ASV-\u00c4sche-53cm-Fr\u00f6hlich-20180514_110622A-618x576.jpg","width":618,"height":576,"mime_type":"image\/jpeg","source_url":"https:\/\/neuhomeasv.asv-steyr.at\/wp-content\/uploads\/ASV-\u00c4sche-53cm-Fr\u00f6hlich-20180514_110622A-618x576.jpg"},"full":{"file":"ASV-\u00c4sche-53cm-Fr\u00f6hlich-20180514_110622A.jpg","width":618,"height":788,"mime_type":"image\/jpeg","source_url":"https:\/\/neuhomeasv.asv-steyr.at\/wp-content\/uploads\/ASV-\u00c4sche-53cm-Fr\u00f6hlich-20180514_110622A.jpg"}},"image_meta":{"aperture":"0","credit":"","camera":"","caption":"","created_timestamp":"0","copyright":"","focal_length":"0","iso":"0","shutter_speed":"0","title":"","orientation":"0","keywords":[]}},"post":null,"source_url":"https:\/\/neuhomeasv.asv-steyr.at\/wp-content\/uploads\/ASV-\u00c4sche-53cm-Fr\u00f6hlich-20180514_110622A.jpg","_links":{"self":[{"href":"https:\/\/neuhomeasv.asv-steyr.at\/index.php?rest_route=\/wp\/v2\/media\/4002","targetHints":{"allow":["GET"]}}],"collection":[{"href":"https:\/\/neuhomeasv.asv-steyr.at\/index.php?rest_route=\/wp\/v2\/media"}],"about":[{"href":"https:\/\/neuhomeasv.asv-steyr.at\/index.php?rest_route=\/wp\/v2\/types\/attachment"}],"author":[{"embeddable":true,"href":"https:\/\/neuhomeasv.asv-steyr.at\/index.php?rest_route=\/wp\/v2\/users\/1"}],"replies":[{"embeddable":true,"href":"https:\/\/neuhomeasv.asv-steyr.at\/index.php?rest_route=%2Fwp%2Fv2%2Fcomments&post=4002"}],"wp:term":[{"taxonomy":"category","embeddable":true,"href":"https:\/\/neuhomeasv.asv-steyr.at\/index.php?rest_route=%2Fwp%2Fv2%2Fcategories&post=4002"}],"curies":[{"name":"wp","href":"https:\/\/api.w.org\/{rel}","templated":true}]}}

http://neuhomeasv.asv-steyr.at/wp-content/uploads/ASV-Äsche-53cm-Fröhlich-20180514_110622A.jpg

ASV Äsche 53cm Fröhlich 20180514_110622A

<p class="attachment"><a href='https://neuhomeasv.asv-steyr.at/wp-content/uploads/ASV-Äsche-53cm-Fröhlich-20180514_110622A.jpg'><img loading="lazy" decoding="async" width="235" height="300" src="https://neuhomeasv.asv-steyr.at/wp-content/uploads/ASV-Äsche-53cm-Fröhlich-20180514_110622A-235x300.jpg" class="attachment-medium size-medium" alt="" srcset="https://neuhomeasv.asv-steyr.at/wp-content/uploads/ASV-Äsche-53cm-Fröhlich-20180514_110622A-235x300.jpg 235w, https://neuhomeasv.asv-steyr.at/wp-content/uploads/ASV-Äsche-53cm-Fröhlich-20180514_110622A.jpg 618w" sizes="auto, (max-width: 235px) 100vw, 235px" /></a></p>

<p>Äsche 53 cm, 1,2 kg Innere Enns 14.05.2018<br />
Fröhlich Bert</p>

ASV-Äsche-53cm-Fröhlich-20180514_110622A.jpg

ASV-Äsche-53cm-Fröhlich-20180514_110622A-150x150.jpg

https://neuhomeasv.asv-steyr.at/wp-content/uploads/ASV-Äsche-53cm-Fröhlich-20180514_110622A-150x150.jpg

ASV-Äsche-53cm-Fröhlich-20180514_110622A-235x300.jpg

https://neuhomeasv.asv-steyr.at/wp-content/uploads/ASV-Äsche-53cm-Fröhlich-20180514_110622A-235x300.jpg

ASV-Äsche-53cm-Fröhlich-20180514_110622A-618x372.jpg

https://neuhomeasv.asv-steyr.at/wp-content/uploads/ASV-Äsche-53cm-Fröhlich-20180514_110622A-618x372.jpg

ASV-Äsche-53cm-Fröhlich-20180514_110622A-618x576.jpg

https://neuhomeasv.asv-steyr.at/wp-content/uploads/ASV-Äsche-53cm-Fröhlich-20180514_110622A-618x576.jpg

https://neuhomeasv.asv-steyr.at/wp-content/uploads/ASV-Äsche-53cm-Fröhlich-20180514_110622A.jpg
